 = -2*d + 16. Let y = 4 + v. Let f(m) = -m + 3. Calculate f(y).
3
Let b(w) = -w - 13. Let u be b(-5). Let x(j) = j**3 + 8*j**2 - j - 9. Determine x(u).
-1
Let q(w) = w**2 + 7 + 9 + 0*w + 6*w - 7. Give q(-6).
9
Suppose -4*v + 4*s = -4, -30 = -2*v - 5*s - 0*s. Suppose v*k - 9 = 2*k. Let u(x) = x + 1. Calculate u(k).
4
Let x(q) be the first derivative of -q**5/5 + q**4/12 + q**3/6 - q**2/2 + 3*q + 3. Let a(u) be the first derivative of x(u). Determine a(1).
-3
Suppose 0 = 3*l - 6*l - 5*r - 49, -5*l - 93 = -3*r. Let d be l/(-27)*(-4 - -1). Let m(z) = -z**3 - 3*z**2 - 2*z - 3. Give m(d).
-3
Let r(d) = -d**3 - 4*d**2 + 7*d + 6. Suppose 3*u = u - 18. Let s be (10/(-6))/((-3)/u). What is r(s)?
-4
Let n(f) = 2*f**3 - 2*f**2 - f - 1. Suppose 2*o = -4*q + 6, -4*o + 0*q = -3*q - 12. Suppose 5*x = x - 2*r + 6, o = -3*r. Let m be (x + 5/(-2))*-4. What is n(m)?
5
Let n(p) = -p**3 + 6*p**2 - 3*p - 4. Let z(f) = f - 3. Suppose 0 = -4*h + 2*g + 7 + 17, 3*h - 40 = -4*g. Let r be z(h). Give n(r).
6
Let q = 47 - 49. Let j(i) = 3*i + 1. Give j(q).
-5
Let m(t) = t**2 - 4*t. Suppose 2*i - 6 = 2. Let h be m(i). Suppose 0 = 4*o + 16 - h. Let z(r) = -r + 3. Calculate z(o).
7
Let m(x) = -x - 5. Let w(o) = 2*o + 10. Let d(u) = -5*m(u) - 2*w(u). Determine d(4).
9
Suppose 8 = -c - 3*c. Let k(r) be the third derivative of -r**6/120 - r**5/20 - r**4/12 + r**3/6 + 4*r**2. Determine k(c).
1
Let r(m) be the first derivative of m**4/4 + m**3 - m**2 - 3*m - 14. Determine r(-4).
-11
Let l(m) = -3*m - 5. Let i(t) = t + 8. Let g(h) = -h - 7. Let a(p) = 5*g(p) + 4*i(p). Let s(r) = 5*a(r) - 2*l(r). Determine s(0).
-5
Let t be 135/(-25) + (-8)/(-20). Let l(z) = 4*z**3 - 5*z**2 + 5*z - 2. Let b(c) = c**3 - 2*c**2 + 2*c - 1. Let w(n) = 7*b(n) - 2*l(n). What is w(t)?
2
Suppose -4*c - 2*v + 5 = v, 0 = 2*c - 2*v - 6. Let h(a) = 4*a + 0*a + 1 - c*a. Let b = 8 - 12. What is h(b)?
-7
Let j = -6 + 4. Let s(w) = -4*w**2 + 4*w + 4. Let m(p) = -7*p**2 + 7*p + 7. Let a(l) = -3*m(l) + 5*s(l). Give a(j).
5
Let r(d) = -d + 2. Let j be (-28)/16 - -2 - (-87)/(-12). What is r(j)?
9
Let x(a) = 2*a**2 - 5*a - 4. Suppose 5*z - z + 5*u + 36 = 0, -2*u - 18 = 2*z. Let w(h) = h**2 + 5*h - 5. Let y be w(-5). Let d = y - z. Give x(d).
8
Let b(j) = -j**3 - 7*j**2 - 2*j - 9. Let q be (1 - -2) + -1 + (-3 - 6). What is b(q)?
5
Let k(r) = -2*r + 2. Let q be (3 + -4 + 7)/(12/8). What is k(q)?
-6
Suppose 16 = 5*f + 4*l + 5, 2*f + 2*l = 4. Let u(q) be the second derivative of 1/12*q**4 - 2*q**2 + q - 1/2*q**3 + 0. Calculate u(f).
-4
Let z = -8 - 1. Let y be (z/(-6))/(1/2). Let n(t) = 1 + 2*t - y - 5*t - t**2. What is n(-4)?
-6
Suppose 14 = -2*a + 5*j + 2, j = 2. Let v(r) = 2*r - 1. Give v(a).
-3
Let x be (-1 + -29)*4/6. Let a be (2/(-4))/((-2)/x). Let p(g) be the first derivative of -g**4/4 - 2*g**3 - 5*g**2/2 - 2*g + 2. Give p(a).
-2
Let a be (6/15)/((-1)/10). Let c = 7 - 6. Let p(g) = -6*g - g + 3 + 8*g + c. What is p(a)?
0
Let r(l) = l**2 + 9*l + 13. Let f be r(-3). Let b(m) = m - 4. Give b(f).
-9
Suppose -m + 2 = 5*q, 4*q - 2*m = 3*q - 4. Suppose q*r - 21 = 5*k + 4*r, -r = 4. Let s(i) = 3*i - 4 + 3 - 4*i. What is s(k)?
0
Let w(q) = 2*q - 3*q + q - q. What is w(2)?
-2
Let k(g) = 6*g. Let b be k(1). Let c = 8 - b. Let u(i) = c*i + 1 + 1 - 1 + i**2. Determine u(-4).
9
Let j(d) = 2*d + 0*d + 1 - 5. Suppose -3 = 4*w - 5*w. What is j(w)?
2
Let p(c) = -5*c**3 + 6*c**3 - 4*c**2 - 8*c + 12*c. What is p(3)?
3
Let a(v) = -6*v - 24. Let c(w) = -2*w - 8. Let x(o) = -5*a(o) + 16*c(o). Give x(-7).
6
Let y(w) be the first derivative of -4 - 1/2*w**2 + w. Determine y(5).
-4
Let q(f) = -f**3 - 3*f**2 + 4*f - 1. Suppose 5*c = i - 17, -4*i + 0*i + 4*c = -100. Suppose -3*x = 4*o + i, 4*o + 4*x + 35 = -o. Determine q(o).
-13
Let k(l) be the second derivative of -l**5/20 + l**4/12 - l**3/6 + 5*l**2/2 + l. Let h = -95 - -95. Determine k(h).
5
Let q(w) = w**2 + 3*w + 3. Suppose 4*i + 20 = 4*d, -i + 10 = 6*d - 2*d. Let v be (18/2)/d - 1. Let u = -4 + v. Give q(u).
1
Let j(q) = -q**3 - 5*q**2 + 6*q - 7. Suppose 4*z = -19 - 5. Give j(z).
-7
Let y(z) be the first derivative of -z**3/3 + 5*z**2/2 + z - 2. Give y(4).
5
Let u(p) = 9*p + 7. Let s(i) = 4*i + 4. Let z(n) = -5*s(n) + 2*u(n). Calculate z(-5).
4
Let k be (6*1)/((-6)/4). Let q = k - -9. Let z(i) be the second derivative of i**3/2 - 5*i**2/2 - 2*i. Calculate z(q).
10
Let y be (-4)/(-6) - (-14)/6. Let j(c) be the first derivative of -c**5/60 + c**4/8 - c**3/6 - 3*c**2 + 1. Let d(r) be the second derivative of j(r). Give d(y).
-1
Let s be (-58)/18 - 6/(-27). Let a(q) be the second derivative of q**5/20 + q**4/4 - 2*q**2 - 10*q. Give a(s).
-4
Let o be 0/(4 + (-7)/1). Suppose -2*w - 2*a = -8, -a = -4*w + 10 + 1. Suppose 3*p + 5 = -s - o*p, -4*s + w*p = -10. Let i(r) = -3*r**3 + r**2. What is i(s)?
-2
Suppose 3*t + 5*w - 17 = -1, -4*w + 8 = 0. Let o(h) = 5*h - 1 - 7*h**3 - t + 6*h**3 + h**2. Calculate o(3).
-6
Let k(p) = p**2 - 5*p - 7. Let c be (-3)/(3/(-2)) + -2. Suppose 13 = 2*v - 5*n, -4*n - 15 + 3 = c. Let q be 6/(0 - -1) + v. Calculate k(q).
-7
Let b(p) = 2*p - 2 - 5*p**2 - 7*p + 2*p**2 + 2*p**2. What is b(-6)?
-8
Let f(z) = 5*z - 5*z**2 - 495*z**3 - 1 + 11*z**2 + 496*z**3. Give f(-5).
-1
Let r = -15 - -8. Let i(s) = s + 5. Let o be i(r). Let p(w) = -w**2 + 1. Determine p(o).
-3
Suppose 8*i = 10*i + 4. Let y(j) = -j. What is y(i)?
2
Suppose 2*b + 4*p - 8 = 0, 3*b + p + 0*p = 12. Let n(z) be the second derivative of -z**5/20 + z**4/4 + 5*z**3/6 - 3*z**2/2 + 6*z. Determine n(b).
1
Suppose 4*p - 3*p = 2. Suppose 0 = -p*n + 3*x + 20, 0*x + 12 = 5*n + 2*x. Let q(z) = -2 - 3 - 2*z + z**3 + 6 - 4*z**2. Give q(n).
-7
Suppose 6 = -2*b - 0*b - 2*i, 0 = 4*b - i + 7. Let o be b/(2 + (-60)/33). Let u = o + 11. Let m(l) = l - 2. What is m(u)?
-2
Let t(h) be the third derivative of -1/2*h**3 - 9*h**2 + 0*h + 1/6*h**4 - 1/60*h**5 + 0. What is t(4)?
-3
Let z(r) = -r**2 + 1 + 1 + 0*r + r - 4. Let k(q) be the third derivative of q**6/120 + q**5/20 - q**4/6 + q**3/3 - 2*q**2. Let v be k(-4). Calculate z(v).
-4
Let w(v) = 6*v + 1. Let h(k) = 2*k**2 - 4*k + 4. Let t be h(4). Suppose 3*n - t = n. Let q be (-2)/(-2) - n/5. Determine w(q).
-5
Let t(o) = 3*o**2 + o. Let j(a) = a**2 + 3*a - 3. Let l be j(-4). Give t(l).
4
Suppose 5*n = -5*q + 40, 0 = -5*n - q - 2*q + 30. Let a(g) = g**2 - 2 - 6 - g**n - g - 4 + 5. What is a(0)?
-7
Let k = -2 - -4. Suppose -5*v = -k*v. Let m(x) = -3 + 3*x + v + 0. Calculate m(3).
6
Let c(n) = -n**2 - 2*n + 1. Let l = -90 + 88. Calculate c(l).
1
Let d = -13 + 12. Let v be 4 - (2 + -2 - d). Let g(y) = -2*y**2 + 3*y. What is g(v)?
-9
Let d(m) be the second derivative of -m**2 + 1/20*m**5 + 0 + m**3 + m - 5/12*m**4. Give d(4).
6
Let c(z) = z**3 + 5*z**2 + 7*z + 3. Let d(w) = w**2 + 2*w + 1. Let f(g) = 2*c(g) - 9*d(g). Determine f(-2).
-7
Let k(s) = s**3 + 7*s**2 + 5*s - 7. Suppose -2*j - 2*y = y + 24, 4*y + 16 = 0. Give k(j).
-1
Let b(j) = -j**2 - 11*j - 9. Let h be b(-9). Let p(x) = 7*x - x**2 - 2*x**2 - 2*x**2 - 2*x**2 - h + x**3. What is p(6)?
-3
Let o = -16 + 18. Let i(b) = -1 + b + o*b - 6*b + 2*b. Calculate i(1).
-2
Let f be 1*((0 - -1) + 1). Let z(c) = 13*c. Let n(d) = -6*d - 11. Let p(y) = y + 2. Let k(t) = 6*n(t) + 33*p(t). Let j(o) = f*z(o) + 9*k(o). What is j(3)?
-3
Let s(h) = 2*h - 5. Let g(j) = j. Let c(b) = -3*g(b) + s(b). Calculate c(5).
-10
Let r(s) be the second derivative of -s**5/20 - s**4/3 - s**3/2 - 2*s. Determine r(-3).
0
Let w(k) be the first derivative of -k**6/120 - k**5/15 + 7*k**4/24 + k**3/6 - 5*k**2/2 + 6. Let x(c) be the second derivative of w(c). Calculate x(-5).
-9
Let s be 7/(140/8)*-10. Let z(k) = -k**3 - 5*k**2 - 2*k + 1. Determine z(s).
-7
Suppose 3*w - 5 = 4. Suppose 0 = -5*z + w*o - 1, -5*z = -4*z + 4*o + 14. Let r(i) = i**3 + 2*i**2 - 2. What is r(z)?
-2
Suppose 4 = 4*n - 2*n, -15 = 3*b - 3*n. Let k(x) = -x**2 - 5*x - 4. Let y be k(b). Suppose 2*i + y*i = 20. Let v(l) = l**3 - 4*l**2 - 4*l - 1. What is v(i)?
4
Let o be (-1)/1*-5*1. Suppose 0 = -7*m + 9*m - 8. Suppose -5*p + 1 = o*k - m, -p = -k - 1. Let q(h) = h**3 - h**2 + h - 8. What is q(k)?
-8
Let s(m) be the first derivative of m**2/2 - 7*m - 27. Give s(6).
-1
Let o = 180 - 180. Let s(l) be the third derivative of -l**6/120 - l**5/60 - l**2. Determine s(o).
0
Let a(m) = -3*m**3 - 2*m**2 +